{"id":72,"date":"2020-03-16T13:59:40","date_gmt":"2020-03-16T12:59:40","guid":{"rendered":"http:\/\/www.asc-spain.es\/?page_id=72"},"modified":"2021-11-15T15:17:16","modified_gmt":"2021-11-15T14:17:16","slug":"integracion","status":"publish","type":"page","link":"https:\/\/www.asc-spain.es\/index.php\/servicios\/integracion\/","title":{"rendered":"Integraci\u00f3n"},"content":{"rendered":"<p>[vc_row content_placement=\u00bbtop\u00bb inner_container=\u00bbno\u00bb section_type=\u00bbheader\u00bb padding_top=\u00bb\u00bb padding_bottom=\u00bb\u00bb][vc_column][vc_single_image image=\u00bb13461&#8243; img_size=\u00bb1920px\u00bb alignment=\u00bbcenter\u00bb full_width=\u00bbyes\u00bb][\/vc_column][\/vc_row][vc_row][vc_column][vc_column_text]<\/p>\n<h2 style=\"text-align: center;\">Conecte ARCHIBUS a su cadena de valor<\/h2>\n<h3 style=\"text-align: center;\">Sincronice y armonice los datos e integre los flujos de trabajo<\/h3>\n<h3 style=\"text-align: center;\"><\/h3>\n<p>[\/vc_column_text][\/vc_column][\/vc_row][vc_row][vc_column width=\u00bb1\/3&#8243;][vc_single_image image=\u00bb13466&#8243; img_size=\u00bb500&#8243; alignment=\u00bbcenter\u00bb style=\u00bbvc_box_shadow\u00bb][vc_column_text]<\/p>\n<h3 style=\"text-align: left;\"><strong><i class=\"icon-check\"><\/i>  <\/strong><b>AUTENTICACI\u00d3N FEDERADA <\/b><\/h3>\n<h4>Servicio <em>express<\/em> de acreditaci\u00f3n <em>delegada <\/em>utilizando el inicio de sesi\u00f3n \u00fanico (SSO) mediante el protocolo SAML 2.<\/h4>\n<h4>Tambi\u00e9n est\u00e1 disponible la acreditaci\u00f3n de usuarios delegada en servidores LDAP externos.<\/h4>\n<p>[\/vc_column_text][\/vc_column][vc_column width=\u00bb1\/3&#8243;][vc_single_image image=\u00bb13465&#8243; img_size=\u00bb500&#8243; alignment=\u00bbcenter\u00bb style=\u00bbvc_box_shadow\u00bb][vc_column_text]<\/p>\n<h3 style=\"text-align: left;\"><strong><i class=\"icon-check\"><\/i>  <\/strong><b>SINCRONIZACI\u00d3N<\/b><\/h3>\n<h4>Con ARCHIBUS Connector\u00a9 se posibilita el intercambio bi-direccional de datos con cualquier aplicaci\u00f3n corporativa o sistema <i>inm\u00f3tico<\/i>\u00a0(<i>BMS\/BAS\/<\/i><i>IoT<\/i>).<\/h4>\n<h4>Automatizamos el intercambio de informaci\u00f3n en minutos.<\/h4>\n<p>[\/vc_column_text][\/vc_column][vc_column width=\u00bb1\/3&#8243;][vc_single_image image=\u00bb13463&#8243; img_size=\u00bb500&#8243; alignment=\u00bbcenter\u00bb style=\u00bbvc_box_shadow\u00bb][vc_column_text responsive_font=\u00bbyes\u00bb]<\/p>\n<h3 style=\"text-align: left;\"><span style=\"font-family: avenirltstd-book;\"><strong> <i class=\"icon-check\"><\/i>  <\/strong><\/span><b>SERVICIOS DE INTEGRACI\u00d3N<\/b><\/h3>\n<h4>Nuestra plataforma se integra con las principales aplicaciones corporativas para RRHH, RE, CRM, FI, BI, ITMS, etc.<\/h4>\n<h4>Integramos datos y\u00a0 flujos de trabajo con otros sistemas empresariales como ServiceNow o SAP mediante REST API.<\/h4>\n<p>[\/vc_column_text][\/vc_column][\/vc_row][vc_row][vc_column]<div class=\"text-center\"><a class=\"btn btn-special btn-primary btn-xl\" href=\"https:\/\/www.asc-spain.es\/index.php\/compania\/contacto\/\" style=\"font-size: 20px;font-weight: 700;border: none !important; box-shadow: none;border: none !important;\">Contactar<\/a><\/div>[\/vc_column][\/vc_row]<\/p>\n","protected":false},"excerpt":{"rendered":"<p>[vc_row content_placement=\u00bbtop\u00bb inner_container=\u00bbno\u00bb section_type=\u00bbheader\u00bb padding_top=\u00bb\u00bb padding_bottom=\u00bb\u00bb][vc_column][vc_single_image image=\u00bb13461&#8243; img_size=\u00bb1920px\u00bb alignment=\u00bbcenter\u00bb full_width=\u00bbyes\u00bb][\/vc_column][\/vc_row][vc_row][vc_column][vc_column_text] Conecte ARCHIBUS a su cadena de valor Sincronice y armonice los datos e integre los flujos de trabajo [\/vc_column_text][\/vc_column][\/vc_row][vc_row][vc_column width=\u00bb1\/3&#8243;][vc_single_image image=\u00bb13466&#8243; img_size=\u00bb500&#8243; alignment=\u00bbcenter\u00bb style=\u00bbvc_box_shadow\u00bb][vc_column_text] AUTENTICACI\u00d3N FEDERADA Servicio express de acreditaci\u00f3n delegada utilizando el inicio de sesi\u00f3n \u00fanico (SSO) mediante el protocolo SAML 2. Tambi\u00e9n est\u00e1 disponible la acreditaci\u00f3n de usuarios [&hellip;]<\/p>\n","protected":false},"author":1,"featured_media":0,"parent":103,"menu_order":0,"comment_status":"closed","ping_status":"closed","template":"page-templates\/full-width.php","meta":{"footnotes":""},"class_list":["post-72","page","type-page","status-publish","hentry"],"_links":{"self":[{"href":"https:\/\/www.asc-spain.es\/index.php\/wp-json\/wp\/v2\/pages\/72","targetHints":{"allow":["GET"]}}],"collection":[{"href":"https:\/\/www.asc-spain.es\/index.php\/wp-json\/wp\/v2\/pages"}],"about":[{"href":"https:\/\/www.asc-spain.es\/index.php\/wp-json\/wp\/v2\/types\/page"}],"author":[{"embeddable":true,"href":"https:\/\/www.asc-spain.es\/index.php\/wp-json\/wp\/v2\/users\/1"}],"replies":[{"embeddable":true,"href":"https:\/\/www.asc-spain.es\/index.php\/wp-json\/wp\/v2\/comments?post=72"}],"version-history":[{"count":26,"href":"https:\/\/www.asc-spain.es\/index.php\/wp-json\/wp\/v2\/pages\/72\/revisions"}],"predecessor-version":[{"id":15244,"href":"https:\/\/www.asc-spain.es\/index.php\/wp-json\/wp\/v2\/pages\/72\/revisions\/15244"}],"up":[{"embeddable":true,"href":"https:\/\/www.asc-spain.es\/index.php\/wp-json\/wp\/v2\/pages\/103"}],"wp:attachment":[{"href":"https:\/\/www.asc-spain.es\/index.php\/wp-json\/wp\/v2\/media?parent=72"}],"curies":[{"name":"wp","href":"https:\/\/api.w.org\/{rel}","templated":true}]}}